Determine m(11).
11
Let s(x) be the third derivative of x**4/24 - 5*x**3/6 + 2*x**2. Let y(u) = u + 12. Let j be y(-8). Suppose 0*r = -j*r. Give s(r).
-5
Suppose -4*m = 3*u + 3, 4*u - 5*m = 3*u - 20. Let v(o) be the second derivative of -o**3/6 - 5*o + 5. Determine v(u).
5
Let p(c) be the third derivative of 1/12*c**4 + 0 + 1/60*c**5 - 14*c**2 + 1/6*c**3 + 0*c. Give p(-2).
1
Let y(w) = w**3 + 15*w**2 + 2*w + 38. Let l be y(-15). Let b(f) = f**3 - 8*f**2 + f - 1. What is b(l)?
7
Let t(b) = -5*b**2 + b + 1. Let o = -717 + 719. Give t(o).
-17
Let o(l) be the second derivative of -1/6*l**4 + 0 + 1/20*l**5 - 3/2*l**2 + l + 1/2*l**3. Let x(c) = -5*c - 197. Let s be x(-40). Calculate o(s).
15
Let v(l) be the third derivative of l**7/5040 + l**6/180 + l**5/5 + l**2. Let r(c) be the third derivative of v(c). Give r(-4).
0
Let i(c) = 9*c**3 - 1. Let h(s) = -s**3 - 8*s**2 + s + 9. Let j be h(-8). Determine i(j).
8
Let u be (-20)/100 - (2 - (-138)/(-15)). Let h(k) = k**3 - 7*k**2 - 2*k + 10. Give h(u).
-4
Let n(q) = q**2 - 9*q + 8. Let j = 34 + -61. Let y = -21 - j. Determine n(y).
-10
Let r(s) = -s**2 + 3*s + 7. Let o be r(4). Suppose 5*k - 41 = k + o*d, 34 = 3*k + d. Let t = k - 9. Let a(y) = -y**2 - 2*y + 2. Calculate a(t).
-6
Let c(k) = k**2 - 4*k - 2. Let u(z) = -3*z - 11. Let p be u(-5). Calculate c(p).
-2
Let z(d) = -d**3 - 12*d**2 - 12*d + 4. Suppose -5*f + 68*y = 66*y + 47, 71 = -5*f - 4*y. Determine z(f).
15
Let f(g) = -g + 1. Suppose 4*h + 3*h - 210 = 0. Let c = 24 - h. Give f(c).
7
Let f(o) be the second derivative of 3*o**2 + 5/12*o**4 - 1/20*o**5 + 0 + 1/2*o**3 - 16*o. Determine f(6).
-12
Let w(y) = -y**3 - 3*y**2 + y + 1. Suppose 19*h - 25*h - 18 = 0. Determine w(h).
-2
Let z(a) be the first derivative of a**4/4 + 4*a**3/3 + 3*a**2/2 + 7*a - 263. Calculate z(-4).
-5
Let c(j) = -j**2 + 5*j. Let y(h) = -h**3 + 9*h**2 - 8*h + 5. Let w = -11 + 19. Let t be y(w). What is c(t)?
0
Let t(n) = -n**3 - 5*n**2 - 2*n + 2. Let x(o) = 2*o**2 + 4*o + 2. Let q be x(4). Let j = 46 - q. Calculate t(j).
-6
Let i(m) be the first derivative of -m**7/840 - 7*m**6/360 - 3*m**5/40 - m**4/3 - 25*m**3/3 - 23. Let t(p) be the third derivative of i(p). What is t(-6)?
10
Suppose -2*w = 18 - 32. Let u(s) = -3*s**3 + 4*s + 2*s**3 + w - 9 - 2*s**2. What is u(2)?
-10
Suppose 4*p = 3*j + 19 - 3, -2*j - 5*p = -20. Let i(h) = -6*h**2 - 2*h. Let t(u) = 13*u**2 + 4*u. Let w(g) = -2*i(g) - t(g). Determine w(j).
0
Let n(l) = -l**2 + 2. Suppose 11 + 4 = -5*u. Calculate n(u).
-7
Suppose -2*u + u - 4 = 0, -c - 21 = 3*u. Let j(a) = a**3 + 10*a**2 + 8*a - 9. Determine j(c).
0
Let q(f) = -2*f**3 + f. Suppose 6*m = 5*m + 3. Suppose 2*a + m = 3*a. Suppose -2*w = a*j - 2*j + 3, 4*j + 24 = 4*w. What is q(w)?
-1
Let a(l) = -2*l. Suppose 20 - 82 = -2*w - 5*s, 85 = 5*w - 5*s. Let z = -18 + w. Suppose -z*d = -5*d + 2. Give a(d).
-2
Let y(n) = -n**3 - 13*n**2 - n - 30. Let r(z) = -3*z**2. Let i(p) = 4*r(p) - y(p). Determine i(0).
30
Let f(l) = 8*l + 2. Suppose 0*u = -2*u, 2*s = u - 26. Let g(y) = -17*y - 4. Let q(o) = s*f(o) - 6*g(o). Determine q(-5).
8
Suppose 0*j - 5*p = -4*j + 34, -2*j + 14 = -p. Let f(m) = -m**2 + 7*m - 5. Calculate f(j).
1
Let j(v) = v - 3. Let m(w) = 3*w + 1. Let s(k) = -2*k - 1. Let l(d) = -5*m(d) - 7*s(d). Let z(r) = -5*j(r) - 6*l(r). Suppose 0 = -3*q - 13 + 4. Calculate z(q).
0
Let r(s) be the second derivative of s**3/3 - 3*s**2/2 + 218*s. Determine r(-1).
-5
Let m(a) = 4*a**2 + 2*a - 2. Let y be m(-2). Let g be 1*(3 + -4 + 3). Suppose q - y = -q - 4*s, 5*q = -g*s + 25. Let b(k) = k**2 - 5*k - 7. Give b(q).
-7
Let u(m) = 32 - 14 + 4*m - 2*m - 28*m - 16. Give u(-2).
54
Let i(f) = f**2 + 4*f - 10. Let z(k) = -15*k**2 + 58*k + 1. Let g be z(4). Calculate i(g).
11
Let o = 11 + -18. Let t(w) be the third derivative of w**6/120 + w**5/10 - w**4/6 - 330*w**2 - 5. Determine t(o).
-21
Let d(r) = -r**3 - 5*r**2 + 6*r + 6. Let p(f) = f**2 + 4*f - 51. Let c be p(5). What is d(c)?
6
Suppose -5 = -m - 3. Let g(w) = 5*w + 1 + w**2 + 0 + 2*w**2 - m*w**2. What is g(-4)?
-3
Let u(d) = -d**2 - 11*d - 32. Let n be u(-6). Let p(c) = c**3 + c**2 - 2*c - 2. What is p(n)?
-2
Let v(r) = r**3 + 6*r**2 - 6*r - 4. Suppose 0 = 38*l - 32*l + 36. Calculate v(l).
32
Suppose -6*b = -7*b + 3. Suppose s + 4*h = -2*s + b, 5*s - h = -18. Let q(t) = t**2 + t - 4. Calculate q(s).
2
Suppose 1388*w - 1396*w = -152. Let q(k) = -k**3 + 19*k**2 - k + 5. Give q(w).
-14
Let a(s) be the second derivative of -s**4/12 + 5*s**3/6 - 3*s**2/2 + s. Suppose 583 = 5*k + 558. Calculate a(k).
-3
Let q(l) be the third derivative of -l**6/120 - 7*l**5/60 + l**4/8 - 5*l**3/6 + 2*l**2. Calculate q(-8).
35
Let z(u) be the first derivative of 0*u**2 + u - 8 - 1/3*u**3. Give z(1).
0
Let u(b) = -2*b - 4. Let g(q) = 2*q + 14 - 4 + 2*q - 5*q. Let w be g(7). Let j be -3 - (w/(-3) - -2). Calculate u(j).
4
Let p(k) be the second derivative of -k**5/20 + 2*k**4/3 + 4*k**3/3 + 8*k**2 + 2*k + 99. What is p(9)?
7
Let l(q) = -q**2 + 4*q - 4. Let n(y) = -y + 3. Let j be n(0). Suppose 2*o = o + j. Calculate l(o).
-1
Let g(c) = 101*c + 18 - 93*c - 21. What is g(-3)?
-27
Let o(z) = -z + 6. Let r = -159 + 153. What is o(r)?
12
Let m(n) be the second derivative of -4/3*n**3 + 1/20*n**5 + 5/2*n**2 - n - 5/12*n**4 + 0. Calculate m(6).
-7
Suppose 0 = -7*n + 2 - 23. Let w(z) = -z**3 - 7*z**2 - 3*z - 6. Let g(a) = a**3 + 7*a**2 + 3*a + 7. Let i(y) = n*w(y) - 4*g(y). Give i(-7).
11
Let d be 2/9 + 2508/(-108). Let c = d + 28. Let w(b) = b + 5. Determine w(c).
10
Let i(n) = 4*n**2 - 5*n + 5. Let a(j) = -3*j**2 + 5*j - 4. Let z = -125 - -130. Let q(b) = z*a(b) + 4*i(b). Give q(-7).
14
Suppose 0 = -3*r - 31 - 5. Let n = r - -14. Let t(p) = 3 - 4 - 8*p + 4*p + p**3 + 3*p**2 - 2*p**n. Give t(-3).
-7
Let y(p) = 5*p + 1. Suppose -5*w = 5*t - 50, 8*w + 6 = 6*w. Suppose -5*o + 17 = -3*c, 0 = -4*c + 4*o - 20 - 16. Let g = c + t. What is y(g)?
-4
Let o(h) = -12*h - 1. Suppose 4*k + 2 - 6 = 0. What is o(k)?
-13
Let k = -6 - -9. Suppose -k = -x - 8. Let d(w) = 6*w - 2*w - 3*w + 0*w + 7. Give d(x).
2
Let u be (-5 + 4 - 3) + -7. Let j = u - -7. Let r(g) = -g - 5. What is r(j)?
-1
Let c(n) = -n**2 + 7*n + 9. Suppose 0 = -5*h - 4*p + 56, -3*p + 38 = 26. Calculate c(h).
1
Let j(o) be the first derivative of 3*o + 20/3*o**3 + 1 - 15/2*o**2. Let q(u) = 7*u**2 - 5*u + 1. Let h(x) = -6*j(x) + 17*q(x). Determine h(6).
-7
Let i(l) be the first derivative of -l**5/60 - l**4/12 - 2*l**3 + 2. Let v(m) be the third derivative of i(m). Calculate v(-2).
2
Let j(b) = -b + 7. Suppose 4*i + 5*z = 5, -3*i - 2*z = -5*i + 16. Determine j(i).
2
Let r(y) = -13*y**2 - 5*y + 3. Let m(t) = -5*t - 1 + 6*t + 2 - 6*t**2 - 3*t. Let u(k) = -5*m(k) + 2*r(k). Suppose w = -3*c, -3 = c - 4*w + 10. Calculate u(c).
5
Let n(d) = -d**2 - 2*d. Let y(w) = -3*w**2 + 8*w + 13. Let g be y(4). Give n(g).
-3
Let k be -4 - -2 - (1 - 5). Let w(r) = 2*r - 3*r + k*r - 7 + r**3. Let f = 61 + -61. Determine w(f).
-7
Let q(f) be the second derivative of 2*f**3/3 - f**2 - 2*f. Suppose 0 = 7*j - 27 + 6. What is q(j)?
10
Let q = 318 + -314. Let m(r) = 5 - 8*r**2 + 4*r**2 + 3*r**2. What is m(q)?
-11
Let a(v) = -2*v**2 - 2*v + v**2 - 24 + 2*v**2 + 20 + 6. What is a(3)?
5
Let z = 868 + -861. Let s(t) = t**3 - 9*t**2 + 9*t + 9. What is s(z)?
-26
Let d(c) be the third derivative of c**7/2520 - c**6/72 + 7*c**5/60 + 10*c**2. Let b(q) be the third derivative of d(q). Give b(8).
6
Let g(u) be the first derivative of u**7/840 + u**6/120 - u**5/40 + u**4/24 + 2*u**3 - 5. Let h(y) be the third derivative of g(y). Determine h(-4).
-3
Let y be 9/(-6) - 9/(-6). Suppose y = 14*s - 56 + 154. Let n(c) = c - 8. What is n(s)?
-15
Suppose -5*j + 2 = -13. Let n(p) = 0*p**j + 0*p**2 - 14 + 6*p**2 + p - p**3 + 7. Determine n(6).
-1
Let v(i) be the third derivative of i**5/60 + 17*i**4/24 + 5*i**3 + 12*i**2. Let c be v(-15). Let l(y) = y. Calculate l(c).
0
Let s(m) = 0 - 11 + 26 + m**2 - 13 - 10*m. Calculate s(10).
2
Let v(t) = -3*t**3 + 4*t**2 - 6*t + 5. Let g be -6 - (-2)/((-8)/12). Let a(c) = 7*c**3 - 9*c**2 + 13*c - 11. Let n(z) = g*v(z) - 4*a(z). Calculate n(-2).
3
Let c = -84 - -56. Let a = c + 25. Let m(d) = d**3 + 4*d**2 + 2*d + 4. Calculate m(a).
7
Let k(y) = 18 + 17 - 2*y - 84 + 20 + 8. What is k(-14)?
7
Let s(z) = -8*z**3 - z + 1. 